 773608851?
3, 17, 5056267
List the prime factors of 823936787.
4261, 193367
List the prime factors of 1316548511.
173, 7610107
List the prime factors of 1455957927.
3, 59, 269, 10193
List the prime factors of 299964503.
299964503
What are the prime factors of 78594858?
2, 3, 31, 83, 1697
List the prime factors of 1021970428.
2, 31, 41, 179, 1123
What are the prime factors of 2875257288?
2, 3, 521, 76649
List the prime factors of 356556573.
3, 577, 2543
What are the prime factors of 443101951?
2791, 158761
List the prime factors of 8296319.
431, 19249
List the prime factors of 92875505.
5, 17, 89, 12277
What are the prime factors of 7432963883?
157, 47343719
What are the prime factors of 12479474?
2, 7, 891391
List the prime factors of 599064633.
3, 101, 219679
What are the prime factors of 72644403?
3, 13, 439, 4243
List the prime factors of 313656928.
2, 13, 753983
List the prime factors of 119706214.
2, 17, 23, 153077
List the prime factors of 853185162.
2, 3, 29, 31, 61, 2593
What are the prime factors of 51492617?
11, 4681147
What are the prime factors of 532474406?
2, 266237203
What are the prime factors of 1036792593?
3, 797, 144541
What are the prime factors of 2039287867?
109, 2273, 8231
What are the prime factors of 249380515?
5, 49876103
What are the prime factors of 992589871?
7, 13, 10907581
What are the prime factors of 6729719030?
2, 5, 173, 3890011
List the prime factors of 9731662.
2, 641, 7591
What are the prime factors of 471035471?
197, 2391043
List the prime factors of 8859974410.
2, 5, 7, 1499, 84437
List the prime factors of 3325918684.
2, 11, 541, 139721
List the prime factors of 19280001.
3, 13, 494359
What are the prime factors of 28946165?
5, 5789233
What are the prime factors of 267556199?
103, 811, 3203
List the prime factors of 194086587.
3, 131, 493859
What are the prime factors of 104675200?
2, 5, 7, 4673
List the prime factors of 2055888448.
2, 32123257
List the prime factors of 188718260.
2, 5, 19, 349, 1423
List the prime factors of 3476964259.
37, 487, 192961
What are the prime factors of 406071872?
2, 41, 154753
What are the prime factors of 1524309865?
5, 13, 19, 263
List the prime factors of 32683149.
3, 929, 1303
List the prime factors of 161012662.
2, 80506331
What are the prime factors of 891336681?
3, 6007, 16487
What are the prime factors of 1781546484?
2, 3, 17, 71, 123001
List the prime factors of 36574064.
2, 103, 22193
List the prime factors of 56884790.
2, 5, 5688479
List the prime factors of 7556291.
7556291
What are the prime factors of 282005585?
5, 41, 1375637
What are the prime factors of 386576632?
2, 13, 3717083
List the prime factors of 972445515.
3, 5, 337, 192373
What are the prime factors of 22977169?
31, 397, 1867
What are the prime factors of 123791716?
2, 271, 114199
What are the prime factors of 146588245?
5, 1019, 28771
What are the prime factors of 30330755?
5, 7, 13, 89, 107
What are the prime factors of 12427674?
2, 3, 7, 41, 1031
List the prime factors of 328351238.
2, 131, 1253249
List the prime factors of 986034765.
3, 5, 17, 227459
List the prime factors of 62240571.
3, 6915619
What are the prime factors of 44053996?
2, 7, 1573357
List the prime factors of 69316922.
2, 17, 271, 7523
What are the prime factors of 67618090?
2, 5, 1721, 3929
List the prime factors of 1586936943.
3, 19, 1933, 4801
What are the prime factors of 4010747377?
7, 13, 61, 55579
What are the prime factors of 121100084?
2, 7, 743, 5821
What are the prime factors of 1788572785?
5, 37, 1279, 7559
List the prime factors of 1722097.
13, 132469
List the prime factors of 1296629971.
7, 13, 389, 36629
List the prime factors of 34925139.
3, 967, 4013
List the prime factors of 177056820.
2, 3, 5, 19, 17257
What are the prime factors of 391033073?
151, 2589623
What are the prime factors of 226687241?
11, 23, 103, 8699
List the prime factors of 26193876.
2, 3, 59, 36997
What are the prime factors of 5239270?
2, 5, 523927
List the prime factors of 44319154.
2, 11, 43, 4259
List the prime factors of 9010047.
3, 19, 158071
List the prime factors of 1418598018.
2, 3, 78811001
List the prime factors of 427149777.
3, 142383259
List the prime factors of 122322088.
2, 7, 2184323
List the prime factors of 2094121292.
2, 2713, 192971
What are the prime factors of 10869014?
2, 13, 101, 4139
What are the prime factors of 64602786?
2, 3, 89, 311, 389
What are the prime factors of 203853019?
827, 246497
List the prime factors of 3363229416.
2, 3, 709, 197651
List the prime factors of 170983338.
2, 3, 1801, 15823
List the prime factors of 178876646.
2, 13, 43, 193, 829
What are the prime factors of 1281298998?
2, 3, 7, 1481, 20599
What are the prime factors of 340536359?
5507, 61837
What are the prime factors of 97134896?
2, 439, 13829
List the prime factors of 11065180.
2, 5, 7, 1613
What are the prime factors of 36025331?
89, 404779
List the prime factors of 116520765.
3, 5, 53, 97, 1511
List the prime factors of 21803652.
2, 3, 13, 46589
List the prime factors of 440168438.
2, 29, 59, 128629
List the prime factors of 190169547.
3, 157, 403757
List the prime factors of 18661240.
2, 5, 13, 17, 2111
What are the prime factors of 423746662?
2, 557, 380383
What are the prime factors of 1571418862?
2, 13, 59, 79, 12967
List the prime factors of 135649784.
2, 16956223
List the prime factors of 2640263163.
3, 149, 5906629
What are the prime factors of 50675354?
2, 29, 89, 9817
List the prime factors of 655771532.
2, 13, 17, 389, 1907
What are the prime factors of 1124822273?
1124822273
List the prime factors of 538032672.
2, 3, 622723
What are the prime factors of 195646135?
5, 19, 953, 2161
What are the prime factors of 128976477?
3, 7, 199, 4409
What are the prime factors of 301180018?
2, 181, 367, 2267
What are the prime factors of 183697529?
17, 19, 568723
What are the prime factors of 18015848?
2, 2251981
List the prime factors of 382987421.
23, 16651627
List the prime factors of 164549683.
29, 53, 151, 709
What are the prime factors of 1326641247?
3, 491, 11119
List the prime factors of 120374328.
2, 3, 131, 38287
List the prime factors of 207106393.
13, 17, 47, 127, 157
List the prime factors of 125539211.
7, 17934173
What are the prime factors of 56795827?
11, 17, 27611
List the prime factors of 84524184.
2, 3, 1173947
What are the prime factors of 800272379?
11251, 71129
What are the prime factors of 2021566220?
2, 5, 17, 29, 421, 487
List the prime factors of 708415607.
24889, 28463
What are the prime factors of 22148883?
3, 97, 2819
What are the prime factors of 967733125?
5, 367, 4219
List the prime factors of 941787954.
2, 3, 643, 81371
List the prime factors of 1971749721.
3, 37, 223, 79657
List the prime factors of 224043850.
2, 5, 17, 29, 61, 149
List the prime factors of 240087459.
3, 421, 190093
List the prime factors of 58024230.
2, 3, 5, 11, 17, 10343
What are the prime factors of 847888408?
2, 105986051
What are the prime factors of 35366393?
1031, 34303
List the prime factors of 151825788.
2, 3, 29, 41, 3547
List the prime factors of 2052466335.
3, 5, 59, 773057
List the prime factors of 35968779.
3, 7, 11, 73, 79
What are the prime factors of 24051043?
547, 43969
List the prime factors of 221493627.
3, 24610403
List the prime factors of 2127871543.
7, 303981649
List the prime factors of 276103783.
17, 3907, 4157
What are the prime factors of 171301530?
2, 3, 5, 19, 397, 757
List the prime factors of 587452633.
41, 14328113
What are the prime factors of 90995369?
90995369
List the prime factors of 13161992.
2, 1645249
List the prime factors of 38272995.
3, 5, 317, 2683
List the prime factors of 125659526.
2, 62829763
What are the prime factors of 5203969564?
2, 43, 113, 267749
What are the prime factors of 109415772?
2, 3, 199, 1697
List the prime factors of 441762928.
2, 3389, 8147
What are the prime factors of 282764323?
23, 37, 332273
List the prime factors of 795188189.
795188189
List the prime factors of 145333149.
3, 13, 3726491
List the prime factors of 635393931.
3, 211797977
What are the prime factors of 665552818?
2, 7, 37, 1284851
What are the prime factors of 65511952?
2, 11, 73, 5099
List the prime factors of 123739914.
2, 3, 37, 353, 1579
What are the prime factors of 2441600?
2, 5, 7, 109
L